{"id":1167,"date":"2026-02-16T18:12:23","date_gmt":"2026-02-16T17:12:23","guid":{"rendered":"https:\/\/www.panorama-tourisme.fr\/?post_type=product&#038;p=1167"},"modified":"2026-02-20T11:26:28","modified_gmt":"2026-02-20T10:26:28","slug":"voyage-ladakh","status":"publish","type":"product","link":"https:\/\/www.panorama-tourisme.fr\/index.php\/produit\/voyage-ladakh\/","title":{"rendered":"Voyage Ladakh sur le toit du Monde Petit Tibet du 04 au 18\/08"},"content":{"rendered":"<p><strong><span style=\"color: #db1818;\">LADAKH \u00ab PETIT TIBET \u00bb<\/span><\/strong><br \/>\nVOYAGE SUR LE TOIT DU MONDE<br \/>\n4 au 18 ao\u00fbt 2026<br \/>\nPartez pour une aventure inoubliable \u00e0 la d\u00e9couverte du Ladakh c\u00e9leste, au c\u0153ur des hautes montagnes himalayennes.<br \/>\nEntre monast\u00e8res perch\u00e9s, paysages montagneux lunaires, temples color\u00e9s et spiritualit\u00e9 bouddhiste, le contraste est saisissant. Au travers de la rencontre de cette magnifique r\u00e9gion, de ses habitants, de moines bouddhistes, ce voyage est une invitation \u00e0 la contemplation et \u00e0 la transformation int\u00e9rieure.<\/p>\n<p style=\"text-align: left;\"><strong>Etapes :<\/strong><\/p>\n<table style=\"height: 384px; width: 60%; border-collapse: collapse;\" border=\"1\" cellpadding=\"0\">\n<tbody>\n<tr style=\"height: 24px;\">\n<td style=\"width: 2.11707%; text-align: center; height: 24px;\"><strong>Jour<\/strong><\/td>\n<td style=\"width: 1.10325%; text-align: center; height: 24px;\"><strong>Date<\/strong><\/td>\n<td style=\"width: 77.1132%; text-align: center; height: 24px;\"><strong>Itin\u00e9raire<\/strong><\/td>\n<\/tr>\n<tr style=\"height: 24px;\">\n<td style=\"padding-left: 5px; width: 2.11707%; height: 24px;\">J 1<\/td>\n<td style=\"padding-left: 5px; width: 1.10325%; height: 24px;\">03\/08<\/td>\n<td style=\"padding-left: 5px; width: 77.1132%; height: 24px;\">\u00a0Envol pour Delhi<\/td>\n<\/tr>\n<tr style=\"height: 10px;\">\n<td style=\"padding-left: 5px; width: 2.11707%; height: 24px;\">J 2<\/td>\n<td style=\"padding-left: 5px; width: 1.10325%; height: 24px;\">04\/08<\/td>\n<td style=\"padding-left: 5px; width: 77.1132%; height: 24px;\">Arriv\u00e9e et nuit \u00e0 Delhi<\/td>\n<\/tr>\n<tr style=\"height: 10px;\">\n<td style=\"padding-left: 5px; width: 2.11707%; height: 24px;\">J 3<\/td>\n<td style=\"padding-left: 5px; width: 1.10325%; height: 24px;\">05\/08<\/td>\n<td style=\"padding-left: 5px; width: 77.1132%; height: 24px;\">Vol de New Delhi \u00e0 Leh<\/td>\n<\/tr>\n<tr style=\"padding-left: 5px;\">\n<td style=\"padding-left: 5px; width: 2.11707%; height: 24px;\">J 4<\/td>\n<td style=\"padding-left: 5px; width: 1.10325%; height: 24px;\">06\/08<\/td>\n<td style=\"padding-left: 5px; width: 77.1132%; height: 24px;\">Leh et ses environs<\/td>\n<\/tr>\n<tr style=\"height: 24px;\">\n<td style=\"padding-left: 5px; width: 2.11707%; height: 24px;\">J 5<\/td>\n<td style=\"padding-left: 5px; width: 1.10325%; height: 24px;\">07\/08<\/td>\n<td style=\"padding-left: 5px; width: 77.1132%; height: 24px;\">\u00a0Leh \u00e0 Temisgam<\/td>\n<\/tr>\n<tr style=\"height: 24px;\">\n<td style=\"padding-left: 5px; width: 2.11707%; height: 24px;\">J 6<\/td>\n<td style=\"padding-left: 5px; width: 1.10325%; height: 24px;\">08\/08<\/td>\n<td style=\"padding-left: 5px; width: 77.1132%; height: 24px;\">Temisgam<\/td>\n<\/tr>\n<tr style=\"height: 24px;\">\n<td style=\"padding-left: 5px; width: 2.11707%; height: 24px;\">J 7<\/td>\n<td style=\"padding-left: 5px; width: 1.10325%; height: 24px;\">09\/08<\/td>\n<td style=\"padding-left: 5px; width: 77.1132%; height: 24px;\">Temisgam &#8211; Lamayuru<\/td>\n<\/tr>\n<tr style=\"padding-left: 5px;\">\n<td style=\"padding-left: 5px; width: 2.11707%; height: 24px;\">J 8<\/td>\n<td style=\"padding-left: 5px; width: 1.10325%; height: 24px;\">10\/08<\/td>\n<td style=\"padding-left: 5px; width: 77.1132%; height: 24px;\">Lamayuru &#8211; Leh<\/td>\n<\/tr>\n<tr style=\"height: 24px;\">\n<td style=\"padding-left: 5px; width: 2.11707%; height: 24px;\">J 9<\/td>\n<td style=\"padding-left: 5px; width: 1.10325%; height: 24px;\">11\/08<\/td>\n<td style=\"padding-left: 5px; width: 77.1132%; height: 24px;\">De Leh \u00e0 la vall\u00e9e de Nubra, le plus haut d\u00e9sert du monde<\/td>\n<\/tr>\n<tr style=\"height: 24px;\">\n<td style=\"padding-left: 5px; width: 2.11707%; height: 24px;\">J 10<\/td>\n<td style=\"padding-left: 5px; width: 1.10325%; height: 24px;\">12\/08<\/td>\n<td style=\"padding-left: 5px; width: 77.1132%; height: 24px;\">Hunder &#8211; Turtuk &#8211; Thang &#8211; Hunder<\/td>\n<\/tr>\n<tr style=\"height: 24px;\">\n<td style=\"padding-left: 5px; width: 2.11707%; height: 24px;\">J 11<\/td>\n<td style=\"padding-left: 5px; width: 1.10325%; height: 24px;\">13\/08<\/td>\n<td style=\"padding-left: 5px; width: 77.1132%; height: 24px;\">Vall\u00e9e de la Nubra \u00e0 Leh<\/td>\n<\/tr>\n<tr style=\"height: 24px;\">\n<td style=\"padding-left: 5px; width: 2.11707%; height: 24px;\">J 12<\/td>\n<td style=\"padding-left: 5px; width: 1.10325%; height: 24px;\">14\/08<\/td>\n<td style=\"padding-left: 5px; width: 77.1132%; height: 24px;\">Leh \u00e0 Pangong-Tso via le col de Chang-La<\/td>\n<\/tr>\n<tr style=\"height: 24px;\">\n<td style=\"padding-left: 5px; width: 2.11707%; height: 24px;\">J 13<\/td>\n<td style=\"padding-left: 5px; width: 1.10325%; height: 24px;\">15\/08<\/td>\n<td style=\"padding-left: 5px; width: 77.1132%; height: 24px;\">Journ\u00e9e compl\u00e8te \u00e0 Leh<\/td>\n<\/tr>\n<tr style=\"height: 24px;\">\n<td style=\"padding-left: 5px; width: 2.11707%; height: 24px;\">J 14<\/td>\n<td style=\"padding-left: 5px; width: 1.10325%; height: 24px;\">16\/08<\/td>\n<td style=\"padding-left: 5px; width: 77.1132%; height: 24px;\">Vol de Leh \u00e0 Delhi<\/td>\n<\/tr>\n<tr style=\"height: 24px;\">\n<td style=\"padding-left: 5px; width: 2.11707%; height: 24px;\">J 15<\/td>\n<td style=\"padding-left: 5px; width: 1.10325%; height: 24px;\">17\/08<\/td>\n<td style=\"padding-left: 5px; width: 77.1132%; height: 24px;\">Vol retour pour la France<\/td>\n<\/tr>\n<\/tbody>\n<\/table>\n<p>Merci de cliquer sur les liens suivants Pour consulter :<br \/>\n<span style=\"color: #0000ff;\"><a style=\"color: #0000ff;\" href=\"https:\/\/www.panorama-tourisme.fr\/wp-content\/uploads\/2026\/02\/Programme-Ladakh-2026.pdf\">Programme et itin\u00e9raire<\/a><\/span><br \/>\n<span style=\"color: #0000ff;\"><a style=\"color: #0000ff;\" href=\"https:\/\/www.panorama-tourisme.fr\/index.php\/conditions-generales-et-particulieres-des-ventes\/\" target=\"_blank\" rel=\"noopener\">Nos conditions g\u00e9n\u00e9rales et particuli\u00e8res de voyages<\/a><\/span><br \/>\n<span style=\"color: #0000ff;\"><a style=\"color: #0000ff;\" href=\"https:\/\/public.assurever.com\/document\/cgs\/FR\/202504PQ1.pdf\">Conditions de l&rsquo;Assurance Privil\u00e8ges Vacances<\/a><\/span><\/p>\n","protected":false},"excerpt":{"rendered":"<p>LADAKH \u00ab PETIT TIBET \u00bb VOYAGE SUR LE TOIT DU MONDE 4 au 18 ao\u00fbt 2026 Partez pour une aventure inoubliable \u00e0 la d\u00e9couverte du Ladakh c\u00e9leste, au c\u0153ur des hautes montagnes himalayennes. Entre monast\u00e8res perch\u00e9s, paysages montagneux lunaires, temples color\u00e9s et spiritualit\u00e9 bouddhiste, le contraste est saisissant. Au travers de la rencontre de cette [&hellip;]<\/p>\n","protected":false},"featured_media":1169,"template":"","meta":{"_themeisle_gutenberg_block_has_review":false},"product_brand":[],"product_cat":[86],"product_tag":[],"class_list":{"0":"post-1167","1":"product","2":"type-product","3":"status-publish","4":"has-post-thumbnail","6":"product_cat-inde","8":"first","9":"instock","10":"shipping-taxable","11":"purchasable","12":"product-type-simple"},"jetpack_sharing_enabled":true,"_links":{"self":[{"href":"https:\/\/www.panorama-tourisme.fr\/index.php\/wp-json\/wp\/v2\/product\/1167","targetHints":{"allow":["GET"]}}],"collection":[{"href":"https:\/\/www.panorama-tourisme.fr\/index.php\/wp-json\/wp\/v2\/product"}],"about":[{"href":"https:\/\/www.panorama-tourisme.fr\/index.php\/wp-json\/wp\/v2\/types\/product"}],"wp:featuredmedia":[{"embeddable":true,"href":"https:\/\/www.panorama-tourisme.fr\/index.php\/wp-json\/wp\/v2\/media\/1169"}],"wp:attachment":[{"href":"https:\/\/www.panorama-tourisme.fr\/index.php\/wp-json\/wp\/v2\/media?parent=1167"}],"wp:term":[{"taxonomy":"product_brand","embeddable":true,"href":"https:\/\/www.panorama-tourisme.fr\/index.php\/wp-json\/wp\/v2\/product_brand?post=1167"},{"taxonomy":"product_cat","embeddable":true,"href":"https:\/\/www.panorama-tourisme.fr\/index.php\/wp-json\/wp\/v2\/product_cat?post=1167"},{"taxonomy":"product_tag","embeddable":true,"href":"https:\/\/www.panorama-tourisme.fr\/index.php\/wp-json\/wp\/v2\/product_tag?post=1167"}],"curies":[{"name":"wp","href":"https:\/\/api.w.org\/{rel}","templated":true}]}}